). Suppose -6*k + p + 166 = 0. Calculate the greatest common divisor of k and 15.
15
Suppose -14*h + 16*h + u - 190 = 0, 4*h + u - 382 = 0. Suppose -t = -3*t + 3*a + 24, 48 = 4*t + a. Calculate the highest common divisor of t and h.
12
Let z(a) = 7*a**2 - 1. Let y be z(-1). Let v(o) = 3*o + 58. Let b be v(y). Suppose -14*f + b = -246. What is the highest common factor of 92 and f?
23
Let g = -74 - -89. Suppose 0 = -5*f + 2*f - 4*j + 40, g = -3*j. What is the greatest common factor of 50 and f?
10
Let x = 1458 + -1436. Suppose 5*p - 2*p + j - 399 = 0, 537 = 4*p + 3*j. Calculate the highest common divisor of x and p.
22
Let t(p) = -p**3 - 4*p**2 + 3*p + 6. Let k be t(-4). Let n be 5/(k/(-2) + -4). Let j = n + 9. Calculate the greatest common factor of j and 4.
4
Suppose -6*q + 4*q = -22. Suppose 0 = 5*d - l + 457, -4*l + 12 = 24. Let w = -59 - d. Calculate the greatest common divisor of q and w.
11
Let b be (-40)/((-2)/(-2))*(1040/50 + -22). What is the highest common factor of 4048 and b?
16
Let u = -810 - -820. What is the highest common factor of 470 and u?
10
Suppose -52*h + 16*h + 3630 = 85*h. Calculate the highest common factor of 22530 and h.
30
Let a(i) = 15*i + 1178. Let c be a(-23). Calculate the greatest common divisor of c and 476.
119
Let r(z) = 9*z**2 - 408*z - 5571. Let t be r(-14). Calculate the highest common divisor of 375 and t.
15
Let b = 8711 - 8646. Calculate the highest common factor of 338 and b.
13
Let a = 18682 - 18571. What is the greatest common divisor of a and 25863?
111
Let f = -567 + 578. What is the highest common factor of 209 and f?
11
Suppose 21*b = 862 + 62. What is the greatest common divisor of 4576 and b?
44
Suppose 15*i - 12*i = -15, 3*y = 2*i + 34. Let l(b) = -b**3 - 24*b**2 + 30*b + 133. Let m be l(-25). Calculate the highest common factor of m and y.
8
Suppose 193 = 5*h - 2*r, 9*h + 3*r = 4*h + 198. Suppose 4*c = 0, -5*w + 22 - 9 = -4*w + 2*c. Calculate the greatest common factor of w and h.
13
Let p(d) = d**3 + 39*d**2 + 2*d + 85. Let j be p(-39). Suppose j*w = k + 8*w - 5, -k = -4*w + 5. Calculate the greatest common factor of k and 120.
3
Suppose 2*n + 21 = -15. Let m be ((-608)/n - 32/(-144)) + 0. What is the greatest common factor of 544 and m?
34
Let l(h) = -16*h + 17. Let u be l(-10). Suppose -u = -4*x + 123. Suppose 14*o - x = 9*o. Calculate the greatest common factor of o and 105.
15
Let a = 81 - 100. Let x = a + 69. Suppose -6*v + v + x = 0. Calculate the highest common divisor of v and 110.
10
Let z = 8822 - 8754. What is the highest common factor of z and 6?
2
Suppose -u = 3*h - 31, -2*u + 3*h + 12 = -h. Suppose 0 = -5*w - 2*w + 1974. Let v = w + -106. What is the highest common factor of v and u?
16
Suppose -3*g - 31 = -5*o + 422, -3*o + 5*g + 275 = 0. Suppose 18 = -89*l + o*l. What is the highest common divisor of 342 and l?
18
Let l be (-1340)/8*-2 + -15. What is the highest common factor of l and 176?
16
Let k(y) = y**3 + 10*y**2 + 15*y - 4. Let b be k(-5). Suppose -b*x + 40*x + 198 = 0. What is the greatest common divisor of x and 11?
11
Suppose -4*n + 17 = 3*w, 4*w + 8*n = 3*n + 23. Let z be 6 - (102/w)/((-7)/98). Calculate the greatest common divisor of z and 252.
42
Suppose 75*z - 40687 - 30433 = -52*z. Calculate the highest common divisor of z and 112.
112
Suppose -4*o + 40 + 120 = 0. Let u(d) = 5*d**2 + 6*d + 1. Let v be u(-2). Suppose 0 = 17*i - v - 76. Calculate the highest common divisor of o and i.
5
Suppose -4*g + 1573 = 36*g - 1267. What is the highest common divisor of 17253 and g?
71
Suppose 0 = -89*c + 39357 - 9631. What is the highest common factor of c and 167?
167
Let u(h) = 9*h**2 + 40 - 5*h**3 - 31*h + 16*h**3 + 8*h**2 + h**2 - 10*h**3. Let m be u(-19). What is the highest common divisor of 335 and m?
67
Let x be (-66)/9*60/(-8). Suppose 462 = 56*w - 42*w. What is the greatest common divisor of x and w?
11
Suppose 389 = 6*o - 97. Let p = 14 + o. Suppose 97*h - 44 = p*h. Calculate the highest common factor of h and 11.
11
Let o(k) = 5*k**2 - k. Let t be o(-3). Let b(y) = y**3 + 4*y**2 - 6*y + 1. Let z = 2 - 7. Let m be b(z). Calculate the highest common factor of t and m.
6
Let p(w) = w**2 + 54*w - 25. Let j be p(-55). What is the highest common factor of 555 and j?
15
Suppose 5 = 3*m + 2. Suppose -6 + m = -l. Let g = 3384 + -3374. Calculate the highest common divisor of g and l.
5
Let f = -103 - -104. Let a be (-24 + 12)*(1 - (1 + f)). Let o be ((-32)/(-2))/((-5)/(-30)). What is the greatest common factor of a and o?
12
Suppose -5*x + 65 = -3*h, 0*h + h = 4*x - 45. Let b(a) = a**2 - 25*a + 32. Let c be b(x). Let j = 121 + c. Calculate the greatest common divisor of j and 3.
3
Suppose 0 = 17*t - 14 - 29 - 8. Suppose -4*v - v - 100 = 0. Let b be v/(-11) - 6/(-33). Calculate the greatest common divisor of b and t.
1
Suppose -16*d + 25*d = 13*d - 14848. Calculate the highest common divisor of 4 and d.
4
Let u(v) = v**2 + 111*v + 2183. Let s be u(-86). Let b be 1*-9 - 0/(-3). Let k = -6 - b. What is the greatest common divisor of k and s?
3
Let f(w) = 1244*w**2 + 648*w. Let v be f(-1). Calculate the highest common factor of v and 2831.
149
Suppose 0 = -5*r + 5*p + 5, -54 = -5*r - 4*p - 31. What is the highest common factor of 3579 and r?
3
Suppose 0 = 3*c, -3*c - 208 = -2*k - 5*c. Suppose -14*r + k + 36 = 0. Calculate the greatest common divisor of r and 370.
10
Suppose -746*x - 495 = -751*x. Let w = 176 - x. Calculate the highest common divisor of 77 and w.
77
Let h be 4/((-3)/(-8) + 11249/2408 + -5). Calculate the greatest common factor of h and 2.
2
Let x be (8/(-4) + 1)*-28. Suppose -966 = -7*q - 16*q. Calculate the greatest common factor of x and q.
14
Let r(u) = -3*u**2 - 114*u - 91. Let i be r(-37). Let t be (3 + 0 + -4)*4. Let p be (-210)/i*t/3. Calculate the highest common divisor of 4 and p.
2
Let y = 740 - 736. Suppose -y = 4*l - 20. Calculate the highest common divisor of l and 6.
2
Suppose a + 44 = -l, -4*l + 5*a - 3*a = 176. Let u be 11/l - 110/8. Let c be ((-44)/6)/(u/441). What is the greatest common factor of c and 33?
33
Let i(z) = 4*z + 56. Let l(q) = -3*q + 55. Let j be l(24). Let m be i(j). Let y = 24 + m. What is the highest common divisor of 96 and y?
12
Suppose 88*m = -2867 + 4275. What is the highest common factor of m and 328?
8
Let h be ((-3744)/(-728))/(2/(-21)). Let k be (35/(-21))/(1/h). Calculate the greatest common divisor of k and 30.
30
Let l(i) = -i**3 + 160*i**2 - 156*i - 390. Let k be l(159). Calculate the highest common divisor of 754 and k.
29
Suppose n + 86 = 2*l, -195 = 2*l + 3*n - 305. What is the highest common divisor of 6 and l?
2
Suppose -12*k = -5*k + 980. Let c = -147 - k. Let p be c/(28/(-16)) + (211 - 5). What is the highest common factor of 30 and p?
30
Let m be 1/(-1) + (192/6 - 9). Suppose -183 + 1151 = m*u. What is the highest common factor of 220 and u?
44
Let g = 1 - -17. Let t(d) = -3*d**3 - 9*d**2 + 6*d + 12. Let q be t(-4). Calculate the greatest common factor of q and g.
18
Let i(l) = -3*l. Suppose -4*j - f = f + 16, -4*j - 5*f - 4 = 0. Let m be i(j). Let w be 1*(187 + 2)*6/7. What is the highest common factor of m and w?
18
Suppose -3*b - 21 = -5*j, 6*j - 2*b = j + 24. Let m be (-126)/(-35)*165/j. Calculate the highest common factor of 9 and m.
9
Let b be 3136/154 - 20 - ((-3978)/11 - 0). Calculate the greatest common divisor of b and 22806.
362
Suppose 5*c = 3*c - 288. Let f = 10 - c. Suppose -2*z + 28 = -0*z. What is the greatest common factor of f and z?
14
Suppose 5*g + 448*o - 446*o - 352 = 0, 12 = 2*o. Suppose -3*i + 4 + 47 = 0. Calculate the highest common factor of i and g.
17
Suppose 4*i + 3*h - 25585 = 0, -156*i + 19220 = -153*i - 4*h. Calculate the greatest common divisor of i and 225.
25
Let u be 8/(-6)*6/(-2). Suppose -s - 2*j + 9 = 0, 18 = -s + 6*s + j. Let k be -6 - -5 - -1*(18 + s). What is the highest common factor of k and u?
4
Let i(l) = l**3 - 5*l + 6. Let z be i(3). Suppose -33*m = -30*m - z. What is the greatest common divisor of 174 and m?
6
Suppose 7*f - 1 = 20. Suppose -4*z - 99 = -5*s, 6*s - f = 5*s. Let m be (4/6)/(z/(-4662)). Calculate the greatest common factor of m and 37.
37
Suppose -d + 21 = 3*m, d - 12 - 5 = m. What is the greatest common divisor of d and 274?
2
Let i = 2558